alculate the highest common divisor of 155 and 95.
5
What is the greatest common divisor of 484280 and 140?
20
Calculate the greatest common factor of 108 and 17136.
36
What is the highest common factor of 6107 and 3546?
197
What is the greatest common factor of 5775 and 30?
15
Calculate the highest common factor of 1383 and 93.
3
What is the greatest common divisor of 221 and 20434?
17
What is the greatest common factor of 1872 and 4797?
117
What is the highest common factor of 1622929 and 539?
539
What is the highest common factor of 9022 and 1681562?
694
What is the highest common divisor of 28 and 49252?
28
What is the greatest common factor of 53292 and 780?
12
Calculate the greatest common factor of 2710 and 1030.
10
Calculate the highest common factor of 24928 and 14592.
608
Calculate the highest common divisor of 15045 and 553125.
885
Calculate the highest common factor of 340 and 45764.
68
Calculate the highest common factor of 1354383 and 1098.
549
What is the highest common factor of 120076 and 99?
11
Calculate the highest common factor of 140 and 502390.
70
What is the highest common factor of 5763 and 867?
51
Calculate the highest common divisor of 214 and 6741.
107
What is the greatest common divisor of 52 and 364?
52
What is the greatest common divisor of 180 and 232515?
45
What is the greatest common factor of 22953203 and 91?
91
Calculate the greatest common factor of 47344 and 704.
176
What is the greatest common divisor of 111664 and 96?
16
What is the highest common divisor of 815 and 40913?
163
Calculate the highest common factor of 156 and 1374789.
39
Calculate the highest common divisor of 24745 and 245.
245
What is the greatest common factor of 514710 and 10320?
1290
Calculate the highest common divisor of 204351 and 1369.
37
What is the greatest common divisor of 600262 and 26?
26
What is the greatest common factor of 3393 and 783?
261
What is the highest common divisor of 2237314 and 706?
706
What is the greatest common divisor of 20091 and 4107?
111
Calculate the greatest common factor of 27736 and 88.
8
What is the greatest common divisor of 77385 and 1407?
1407
What is the greatest common factor of 20 and 63692?
4
Calculate the highest common divisor of 8383 and 6565.
101
Calculate the greatest common factor of 4251088 and 272.
272
What is the highest common factor of 1416387 and 21?
21
What is the highest common divisor of 2004 and 516?
12
Calculate the greatest common factor of 600075 and 189.
189
Calculate the highest common factor of 2 and 1386194.
2
What is the greatest common factor of 160875 and 42375?
375
What is the greatest common factor of 1275 and 2400?
75
What is the greatest common divisor of 16435 and 10?
5
What is the greatest common divisor of 2944 and 297896?
184
What is the highest common factor of 333960 and 110?
110
Calculate the highest common divisor of 1874654 and 114.
38
What is the greatest common divisor of 627 and 106647?
57
Calculate the greatest common divisor of 23292 and 684.
36
Calculate the highest common factor of 63 and 271677.
21
Calculate the highest common factor of 3825 and 747.
9
Calculate the highest common factor of 1416 and 1888.
472
What is the highest common factor of 34 and 413083?
17
What is the highest common divisor of 2048 and 47232?
128
What is the highest common factor of 410896 and 976?
976
Calculate the greatest common divisor of 25 and 160.
5
What is the greatest common factor of 2283593 and 1105?
221
Calculate the highest common factor of 1750155 and 495.
165
What is the greatest common divisor of 1620 and 1164?
12
What is the highest common factor of 4731 and 48?
3
What is the greatest common divisor of 153725 and 429?
143
What is the greatest common divisor of 239169 and 42?
21
What is the highest common factor of 481926 and 186?
186
Calculate the greatest common divisor of 37008 and 1285.
257
Calculate the greatest common divisor of 2456 and 5225140.
1228
Calculate the highest common divisor of 152664 and 24.
24
Calculate the greatest common divisor of 6523245 and 3.
3
Calculate the highest common factor of 20 and 99695.
5
What is the greatest common factor of 317124 and 19872?
828
Calculate the greatest common factor of 14 and 673127.
7
Calculate the greatest common factor of 207808 and 1910.
382
What is the highest common factor of 126 and 473326?
14
Calculate the greatest common divisor of 1859 and 3.
1
Calculate the highest common divisor of 87 and 1812.
3
What is the highest common factor of 5429 and 712?
89
Calculate the highest common divisor of 3018 and 18.
6
Calculate the highest common divisor of 86230 and 1160.
10
Calculate the greatest common factor of 63424 and 128.
64
What is the greatest common factor of 2739 and 99?
33
What is the greatest common divisor of 960840 and 7480?
680
Calculate the highest common divisor of 1600587 and 243.
27
What is the highest common divisor of 331942 and 1768?
442
Calculate the highest common divisor of 2408 and 74132.
172
Calculate the greatest common factor of 1460 and 2993.
73
What is the highest common factor of 83334 and 561?
51
What is the greatest common divisor of 9874 and 44?
2
Calculate the greatest common divisor of 7452 and 37467.
207
Calculate the greatest common divisor of 384940 and 90.
10
Calculate the greatest common factor of 283 and 604771.
283
Calculate the greatest common factor of 7752 and 748.
68
What is the highest common factor of 4815 and 210?
15
Calculate the highest common divisor of 168 and 4984644.
84
What is the highest common divisor of 1056 and 79728?
528
What is the highest common divisor of 316370 and 15?
5
What is the greatest common factor of 1828 and 2524?
4
Calculate the greatest common factor of 7310 and 544.
34
What is the highest common factor of 83343 and 117?
39
Calculate the highest common divisor of 2090 and 8151.
209
What is the greatest common factor of 251163 and 33?
33
What is the greatest common divisor of 302652 and 72?
36
What is the highest common divisor of 18705 and 2610?
435
Calculate the highest common factor of 13056 and 969.
51
What is the highest common factor of 3761623 and 761?
761
Calculate the highest common divisor of 42624 and 360.
72
What is the greatest common factor of 249872 and 392?
56
Calculate the greatest common divisor of 3762 and 89946.
342
Calculate the greatest common factor of 120212 and 492.
164
Calculate the greatest common factor of 58 and 808.
2
Calculate the highest common divisor of 173088 and 108.
36
Calculate the greatest common factor of 1078 and 1088192.
98
What is the highest common divisor of 3304 and 88087?
59
Calculate the highest common divisor of 528 and 318032.
176
What is the greatest common divisor of 1539 and 34587?
81
What is the greatest common divisor of 505 and 534189?
101
What is the greatest common divisor of 11 and 127226?
11
What is the highest common factor of 9 and 254481?
3
What is the greatest common factor of 852 and 86620?
284
Calculate the greatest common factor of 3323 and 101.
1
What is the greatest common divisor of 84197 and 538?
269
What is the highest common divisor of 4788 and 2988?
36
What is the highest common factor of 1 and 9551?
1
Calculate the highest common divisor of 390667 and 227.
227
What is the greatest common factor of 1132606 and 47?
47
Calculate the greatest common factor of 2900 and 12122.
58
What is the highest common factor of 138 and 52486?
46
What is the greatest common divisor of 5 and 434960?
5
Calculate the greatest common divisor of 6161 and 707.
101
What is the highest common factor of 67680 and 2088?
72
Calculate the greatest common divisor of 1026 and 43510.
38
Calculate the greatest common factor of 2299 and 5643.
209
What is the highest common divisor of 363948 and 312?
156
What is the highest common factor of 1626105 and 93?
93
What is the greatest common divisor of 346480 and 10370?
610
What is the highest common divisor of 4438 and 187664?
634
Calculate the highest common factor of 13951 and 28.
7
Calculate the greatest common divisor of 136587 and 165.
33
What is the greatest common divisor of 2032258 and 959?
137
Calculate the highest common divisor of 4818 and 21024.
438
What is the greatest common factor of 432651 and 29?
29
Calculate the greatest co